Suppose 273 = 3*i - 258. Is i a prime number?
False
Let u(w) = -10*w - 5. Let o be u(-4). Suppose 3*l + 3*z - 69 = 0, z + o + 32 = 4*l. Is 4/l - (-532)/36 a prime number?
False
Let i be (3 - 6)*(-2)/3. Suppose -i*h = h - 93. Is h a composite number?
False
Let t(x) = 7*x**2 + 2*x + 13. Is t(-8) prime?
False
Suppose -15 = -5*a, 4*y - 2173 = -0*y - 3*a. Suppose -y = -5*h - 111. Is h composite?
True
Suppose 0 = 14*u - 9*u - 4325. Is u composite?
True
Let q = -2 + 0. Is -2*(131/q - -2) prime?
True
Let k = -22 + 42. Is (-4)/k - (-56)/5 composite?
False
Suppose 3206 = h + 3*x, -4*h + 4*x + 0*x + 12808 = 0. Is h prime?
True
Let o = -65 + 148. Is o a composite number?
False
Let f be 80 - (-2 - -2)/(-1). Suppose -270 = -2*o - f. Is o prime?
False
Suppose 0 = 4*c + 5*t + 14, t + t + 9 = -5*c. Is (-204 + 3)*c/3 prime?
True
Let r be ((-1)/(-3))/((-6)/(-126)). Let s(b) = b**3 - 4*b**2 - 10*b. Is s(r) prime?
False
Let q = -395 + -663. Let x = -615 - q. Is x a prime number?
True
Let o(n) = n**2 - 3*n + 3. Suppose 6 = r - 0. Let g be o(r). Let t = g - 2. Is t prime?
True
Let z(j) = 75*j - 14. Is z(3) composite?
False
Suppose 3*q - 4*c + 20 = 0, 2*q + q - c + 5 = 0. Suppose 20 = 2*d - q. Is d a prime number?
False
Let b = -72 + 185. Is b composite?
False
Suppose -4*j + j = -435. Is j a composite number?
True
Suppose -2*l + r - 6 = 0, 0*l + 4*r - 6 = 2*l. Let z = 10 - l. Is z prime?
True
Let j = -811 - -1478. Is j a composite number?
True
Suppose 3 = -3*z, 4*d + 4*z - 1512 = -0*z. Is d a prime number?
True
Suppose 0 = 6*h - 5036 - 6046. Is h prime?
True
Let v(c) = c**3 + c**2 + c - 5. Let x be v(0). Let l = x + 11. Is 212/l + (-4)/12 composite?
True
Let u be 0 + -2 + 15/3. Suppose -2*q + u*j = -18, 0*q = -3*q + 2*j + 37. Is q a composite number?
True
Suppose 7*m - 895 = 498. Is m composite?
False
Let h = 23 - -13. Let u = h + 77. Is u composite?
False
Is (3148/8)/(2/8) a prime number?
False
Let j(b) = -73*b**3 + 3*b**2 + 4*b + 3. Is j(-2) composite?
True
Suppose 0 = 3*w - 7 - 23. Let l = 34 - 15. Let n = l - w. Is n a prime number?
False
Let y = 72 - 17. Suppose 0*o = -5*o + y. Is o a prime number?
True
Let x = -1466 - -2157. Is x a composite number?
False
Let d(z) = -z**2 + z + 14. Is d(0) composite?
True
Suppose 7*n = 4*n + t + 74, 3*t = 3*n - 84. Is n a prime number?
True
Suppose -4*z = -7*z + 51. Suppose 3*q = 2*l - 17, 4*l - 41 + 4 = 3*q. Let m = z - l. Is m prime?
True
Suppose 4*u - 1483 = -3*m, 0 = 3*m - 0*m + 2*u - 1493. Is m a prime number?
False
Is (0 - -541)*(-14)/(-14) a composite number?
False
Suppose 2 = 5*t - 3. Let r be ((-2)/(-4))/(1/12). Is (207/r)/(t/2) a composite number?
True
Suppose 0 = -6*o + 1622 + 544. Is o a composite number?
True
Let g(m) be the first derivative of 83*m**3/3 - m**2 - 2*m + 2. Let j be g(2). Suppose -3*y + y + j = 0. Is y prime?
True
Let i(z) = 3*z**2 + 1. Let x be i(1). Suppose -x = -2*n - 0*n. Suppose n*j - 193 = -7. Is j a composite number?
True
Let z(d) = -d**3 - 9*d**2 + 9*d - 7. Let n be z(-10). Let o = n + -28. Let y = -6 - o. Is y a prime number?
True
Let t = -149 - -223. Let z = t - 124. Let u = 199 + z. Is u composite?
False
Let d(c) = 162*c**2 + 2*c - 1. Is d(1) a prime number?
True
Suppose 3*p - t - 773 = -4421, -4*p - 4871 = t. Let y = 2272 + p. Is y composite?
True
Let r = 1339 - -954. Is r a prime number?
True
Suppose -6 = -2*f + 2. Let n = -83 - -118. Suppose g - 4*w + 3*w - n = 0, -f*w + 140 = 4*g. Is g composite?
True
Let d be 5 + 0 - (1 - 2). Is 580/6 + 2/d a prime number?
True
Let p be -2 + 16*(1 + 64). Let r = p - 685. Is r a prime number?
True
Suppose -s = -5*r - 34, 7 = 2*s + 3*r - 9. Let v be (-6)/(-9)*-3 - s. Is -3 + 1 - 3*v composite?
True
Let k = 218 + -73. Is k a prime number?
False
Suppose -2*q = -7*q - 10. Let g(t) = t**3 - 2*t - 2. Let y be g(q). Is 322/6 + 4/y a prime number?
True
Let x(r) = -11*r**3 - 2*r**2 - 2*r - 7. Is x(-3) composite?
True
Let y(s) = 6*s + 2. Suppose -1 = -3*g + 11. Let x be y(g). Suppose -3*j = -3*a - 88 - x, -4*j + a + 140 = 0. Is j composite?
True
Is 677/2*(25 + -23) a composite number?
False
Let f(v) = -v**3 + 7*v**2 - 7*v + 2. Suppose -29 = -2*r - h + 6*h, -2*h - 41 = -5*r. Let q be f(r). Is q/(-1)*1/1 a composite number?
False
Let s = 10 - 2. Suppose -s = -3*d + d. Suppose 4*w + q = 100, d*w - 18 = -4*q + 70. Is w prime?
False
Let v = 975 - 418. Is v a prime number?
True
Let n = 410 - 31. Is n prime?
True
Let f be 38/(-3 + (-46)/(-16)). Let y = f - -449. Is y a prime number?
False
Suppose 0 = 2*y - 5*y + 2*s + 59, -y + 17 = 2*s. Let b = 74 - y. Is b prime?
False
Suppose 37*t - 34*t - 1041 = 0. Is t prime?
True
Let z = -471 + 778. Is z a prime number?
True
Suppose 5*q + 5733 = 928. Let t = q - -1427. Is t prime?
False
Suppose 3*n + q = 5*q + 1199, -2*n + 5*q = -811. Suppose 0 = -4*r + r + n. Is r a composite number?
False
Suppose 0 = 5*v + 2*r + 24, -6 = 4*v - 2*r - 3*r. Suppose l = 5*l - 8. Let j = l - v. Is j a composite number?
True
Let u(p) = 7*p + 3. Let n be u(-2). Let o(i) = i**2 + 4*i. Is o(n) prime?
False
Let m = 1681 + -168. Is m a prime number?
False
Suppose -2*l - 10 + 304 = -a, -4*a - 133 = -l. Is l a composite number?
False
Let z = -51 - -75. Suppose 2*u = z + 46. Is u composite?
True
Let q = 156 + 95. Is q a composite number?
False
Let d(u) = u**2 + 3*u + 2. Let v be d(-2). Suppose v = 2*k - k - 3. Is 2 + (2 - -59)*k a composite number?
True
Let d be (-2)/(-1)*15/6. Let s(m) = -m + 2*m + 3*m**2 - 1 + m**2 - d*m. Is s(3) a composite number?
False
Let o(v) = -83*v**3 + v**2 + 3*v. Let t(b) = -84*b**3 + b**2 + 2*b. Let u(m) = 3*o(m) - 4*t(m). Is u(1) a prime number?
False
Let w = -19 + -4. Suppose 7*h = 4*h + 30. Let s = h - w. Is s a prime number?
False
Let h = 0 - -7. Is h prime?
True
Suppose 3*n + 11 = -4*a, -2*n - 2*a = -3*n + 13. Let b(x) = -3*x + 5*x**2 - 1 + n*x + x. Is b(-5) composite?
True
Suppose 101 = 3*q + t, -3*q + 97 = -6*t + 11*t. Is q a prime number?
False
Suppose -2 + 8 = 2*z + 2*i, -3*z = -i - 9. Let l(b) = 8*b + 2. Let n(w) = -w. Let o(y) = z*l(y) + 21*n(y). Is o(5) prime?
False
Let b(s) = 3*s - 1. Let r(u) = -3*u + 2. Let g(i) = -6*b(i) - 5*r(i). Suppose -2*n - 3*n = 3*l, 0 = 5*l - n + 28. Is g(l) a prime number?
True
Suppose 0 = -r - 1, -3*h - 2*r + 7 = 3*r. Suppose 112 = h*z + 8. Let l = 63 - z. Is l a composite number?
False
Let o be -3 + 5 + 6 + -2. Suppose o*q - q = 25. Is 2/5 - (-593)/q a prime number?
False
Suppose 0 = p + 4*p + 4*q - 1461, -q = 4*p - 1171. Is p a composite number?
False
Suppose 0 = 4*n - 4 - 4. Suppose 3*l - 653 = -0*l - 5*r, n*l - 5*r - 402 = 0. Is l a composite number?
False
Let d(q) = 2 - 2 - 1 + 5*q**2 + q - 2*q**2. Let l be d(1). Suppose -r - l*r = -132. Is r composite?
True
Suppose -22 = -3*k - 0*k - 5*z, z = 3*k - 10. Suppose k*j + 31 = 899. Is j a composite number?
True
Let i = 2 + -9. Let j be 1 - (i + (1 - 3)). Let k = j - -4. Is k a composite number?
True
Suppose -2*q - 3 = f, 0*f + 4*q - 30 = 2*f. Let s be 33/f + (-6)/(-9). Is 2/(-6) + (-58)/s prime?
True
Let z(w) = -w**3 + 10*w**2 + 11*w + 1. Is z(9) prime?
True
Let q(f) = -f**3 + 9*f**2 + f - 6. Let u be q(9). Suppose 0 = -5*r + 5*i - 5, 2*i + 2*i - 25 = -u*r. Is r a prime number?
True
Suppose -5*k - 2*c - 172 - 160 = 0, -4*k = -4*c + 288. Let n = k - -361. Is n composite?
False
Let u(c) = 34*c**2 - c - 4. Is u(-3) a composite number?
True
Suppose 2*b - 53 = -3*y, -88 + 22 = -4*b + 2*y. Let k = b + -13. Let n(r) = 2*r**2 + 5*r + 7. Is n(k) a prime number?
True
Let o = -6 - -1. Let h be 0 + (-2 - o/1). Suppose -h*b = b - 84. Is b a composite number?
True
Suppose -752 = 5*u - 6592. Suppose 5*t + l = t + u, l = -4. Is t a composite number?
False
Let v be (-1)/(4 + 34/(-8)). Suppose -5*d + v*d + 185 = 0. Is d composite?
True
Let p(x) be the third derivative of 16*x**5/15 - x**4/12 - x**3/2 + 6*x**2. Is p(-2) composite?
False
Let t(p) = 14*p**2 + 25*p - 32. Is t(-19) a prime number?
True
Let t(d) = d**3 - 3*d**2 - 2*d - 3. Is t(5) composite?
False
Let p(w) = w**2 - 3*w + 3. Suppose 0 = -2*n - 3*g + 23, -3*n + g + 2 = -16. Is p(n) a prime number?
True
Let u(v) = -v**2 - v - 28. Let w be u(0). Let j = w - -47. Suppose j = -2*q + 63. Is q prime?
False
Let m be (-3)/(3/8) - -2. Let u = m + 8. Is u/(-1 + (-74)/(-70)) composite?
True
Let h(x) be th